t is the remainder when 57419 is divided by 1307?
1218
What is the remainder when 27977 is divided by 53?
46
Calculate the remainder when 69958 is divided by 958.
24
Calculate the remainder when 139945 is divided by 169.
13
What is the remainder when 300444 is divided by 399?
396
Calculate the remainder when 22106 is divided by 7343.
77
Calculate the remainder when 9237 is divided by 2797.
846
What is the remainder when 3630 is divided by 2954?
676
What is the remainder when 921 is divided by 180?
21
Calculate the remainder when 2014 is divided by 101.
95
What is the remainder when 589498 is divided by 3?
1
Calculate the remainder when 768288 is divided by 1145.
1138
Calculate the remainder when 30202 is divided by 3194.
1456
Calculate the remainder when 474 is divided by 336.
138
Calculate the remainder when 2423 is divided by 347.
341
What is the remainder when 453797 is divided by 17?
16
Calculate the remainder when 99997 is divided by 1449.
16
What is the remainder when 14528 is divided by 42?
38
What is the remainder when 16619 is divided by 146?
121
What is the remainder when 28311 is divided by 18?
15
Calculate the remainder when 42532 is divided by 392.
196
What is the remainder when 15772 is divided by 278?
204
What is the remainder when 36683 is divided by 79?
27
What is the remainder when 35129 is divided by 11639?
212
Calculate the remainder when 1291 is divided by 1289.
2
Calculate the remainder when 58776 is divided by 19576.
48
Calculate the remainder when 5692 is divided by 248.
236
Calculate the remainder when 129530 is divided by 129521.
9
Calculate the remainder when 5401 is divided by 454.
407
What is the remainder when 70943 is divided by 23643?
14
What is the remainder when 198739 is divided by 75?
64
Calculate the remainder when 17751 is divided by 33.
30
What is the remainder when 10294 is divided by 65?
24
Calculate the remainder when 5280 is divided by 86.
34
Calculate the remainder when 12125 is divided by 862.
57
Calculate the remainder when 15542 is divided by 219.
212
What is the remainder when 18670 is divided by 252?
22
Calculate the remainder when 856 is divided by 86.
82
Calculate the remainder when 32591 is divided by 77.
20
What is the remainder when 11082 is divided by 3693?
3
Calculate the remainder when 175 is divided by 108.
67
What is the remainder when 89632 is divided by 3201?
4
Calculate the remainder when 20266 is divided by 21.
1
Calculate the remainder when 8091 is divided by 762.
471
Calculate the remainder when 138039 is divided by 232.
231
What is the remainder when 146841 is divided by 39?
6
Calculate the remainder when 9083 is divided by 342.
191
What is the remainder when 67244 is divided by 33549?
146
What is the remainder when 10090 is divided by 588?
94
Calculate the remainder when 7806 is divided by 2595.
21
What is the remainder when 138260 is divided by 19?
16
What is the remainder when 10869 is divided by 3621?
6
Calculate the remainder when 5891 is divided by 7.
4
Calculate the remainder when 4530 is divided by 751.
24
Calculate the remainder when 4210 is divided by 2103.
4
What is the remainder when 4650 is divided by 9?
6
Calculate the remainder when 1649969 is divided by 27.
26
What is the remainder when 8558 is divided by 1293?
800
What is the remainder when 3611 is divided by 266?
153
What is the remainder when 1315941 is divided by 72?
69
Calculate the remainder when 2600 is divided by 125.
100
What is the remainder when 399105 is divided by 342?
333
Calculate the remainder when 766314 is divided by 157.
154
Calculate the remainder when 925353 is divided by 33.
0
Calculate the remainder when 31532 is divided by 225.
32
Calculate the remainder when 23039 is divided by 61.
42
Calculate the remainder when 7036 is divided by 3512.
12
Calculate the remainder when 5834 is divided by 507.
257
Calculate the remainder when 3275 is divided by 338.
233
Calculate the remainder when 2501 is divided by 737.
290
What is the remainder when 85173 is divided by 28?
25
What is the remainder when 4434857 is divided by 460?
457
Calculate the remainder when 3403 is divided by 439.
330
Calculate the remainder when 13263 is divided by 67.
64
Calculate the remainder when 8773 is divided by 979.
941
Calculate the remainder when 2245 is divided by 317.
26
Calculate the remainder when 4361 is divided by 1353.
302
Calculate the remainder when 15771 is divided by 58.
53
Calculate the remainder when 99921 is divided by 35.
31
What is the remainder when 32933 is divided by 3659?
2
What is the remainder when 97236 is divided by 7478?
22
Calculate the remainder when 87897 is divided by 50.
47
What is the remainder when 220 is divided by 90?
40
Calculate the remainder when 129357 is divided by 1145.
1117
Calculate the remainder when 25178 is divided by 33.
32
Calculate the remainder when 4806 is divided by 150.
6
What is the remainder when 1028 is divided by 213?
176
What is the remainder when 15538 is divided by 62?
38
Calculate the remainder when 13302 is divided by 2653.
37
Calculate the remainder when 23181 is divided by 207.
204
What is the remainder when 23401 is divided by 266?
259
What is the remainder when 23366 is divided by 114?
110
What is the remainder when 3349 is divided by 212?
169
What is the remainder when 53090 is divided by 215?
200
What is the remainder when 30736 is divided by 111?
100
Calculate the remainder when 85594 is divided by 428.
422
Calculate the remainder when 17683 is divided by 29.
22
What is the remainder when 437 is divided by 63?
59
What is the remainder when 514 is divided by 361?
153
Calculate the remainder when 38928 is divided by 800.
528
What is the remainder when 10389741 is divided by 889?
887
Calculate the remainder when 21605 is divided by 4321.
0
Calculate the remainder when 1569 is divided by 96.
33
Calculate the remainder when 340442 is divided by 203.
11
What is the remainder when 3544 is divided by 50?
44
What is the remainder when 206637 is divided by 56?
53
Calculate the remainder when 5439922 is divided by 185.
182
What is the remainder when 2844 is divided by 1361?
122
Calculate the remainder when 1129 is divided by 216.
49
Calculate the remainder when 912309 is divided by 1803.
1794
What is the remainder when 79624 is divided by 46?
44
Calculate the remainder when 6537 is divided by 382.
43
Calculate the remainder when 74253 is divided by 14850.
3
What is the remainder when 16777 is divided by 115?
102
Calculate the remainder when 149960 is divided by 193.
192
Calculate the remainder when 2315 is divided by 604.
503
What is the remainder when 5293 is divided by 102?
91
What is the remainder when 91439 is divided by 230?
129
Calculate the remainder when 8325 is divided by 243.
63
Calculate the remainder when 14026 is divided by 1168.
10
Calculate the remainder when 43107 is divided by 1596.
15
Calculate the remainder when 36486 is divided by 98.
30
What is the remainder when 100325 is divided by 46?
45
What is the remainder when 2099519 is divided by 576?
575
Calculate the remainder when 23810 is divided by 854.
752
What is the remainder when 17649 is divided by 12?
9
What is the remainder when 60573 is divided by 12097?
88
What is the remainder when 1413 is divided by 164?
101
What is the remainder when 98256 is divided by 101?
84
Calculate the remainder when 6812 is divided by 137.
99
Calculate the remainder when 79093 is divided by 79.
14
What is the remainder when 13466 is divided by 4481?
23
Calculate the remainder when 8447 is divided by 188.
175
Calculate the remainder when 788 is divided by 1.
0
Calculate the remainder when 6662 is divided by 288.
38
What is the remainder when 344730 is divided by 19?
13
What is the remainder when 116634 is divided by 214?
4
What is the remainder when 2395 is divided by 320?
155
What is the remainder when 50564 is divided by 147?
143
What is the remainder when 12320 is divided by 27?
8
What is the remainder when 249108 is divided by 267?
264
Calculate the remainder when 151284 is divided by 3981.
6
Calculate the remainder when 96126 is divided by 367.
339
What is the remainder when 365945 is divided by 11?
8
What is the remainder when 53863 is divided by 605?
18
What is the remainder when 7397 is divided by 164